7?
5
Let t = -546 + 548. Suppose 3*k - 14 = -3*s - s, 5*k + 3*s - 5 = 0. What is the units digit of t/((-3)/18*k)?
6
Let u(n) = 45*n - 198. What is the tens digit of u(12)?
4
Let n = -326 + 921. What is the units digit of n?
5
Let i(j) be the second derivative of j**5/20 + j**4/6 + j**3/2 + 2*j**2 - 7*j. What is the tens digit of i(4)?
1
Suppose 5 = 3*m + 3*p + 2, 2*m - 2*p = 18. Suppose 0*b = m*b + 135. Let o = 61 + b. What is the tens digit of o?
3
Let o(v) = v**3 - v**2 + v. Let b(z) = -2*z**3 + 5*z**2 - 6*z + 9. Let p(k) = -b(k) - 3*o(k). What is the units digit of p(-4)?
1
Suppose 0 = -52*a + 54187 + 78153. What is the hundreds digit of a?
5
Suppose 0 = -2*q - 3*h + 35, -5*h + 5 = 3*q - 10*h. Suppose 0 = 2*p + 2*b - 1 - 3, 0 = 2*p - 5*b - 4. Suppose 0*x = p*x - q. What is the units digit of x?
5
Let m(j) = 3*j - 42. Let y be m(14). Let n(s) = 2*s + 234. What is the units digit of n(y)?
4
Suppose 0 = 23*s - 21*s - 2296. What is the hundreds digit of s?
1
Let h be (-10)/35 + (-57)/21. Let u = 38 + h. What is the tens digit of u?
3
Let d(v) = -v**3 + 13*v**2 - 10*v + 30. What is the hundreds digit of d(8)?
2
What is the hundreds digit of (-17)/51 - (-1857)/9?
2
Let x(s) = 56*s**2 - 28*s + 87. What is the thousands digit of x(6)?
1
Suppose 27*h - 15090 = -1077. What is the tens digit of h?
1
Let p(r) = -5*r**3 + 5*r**2 - 4*r - 32. What is the hundreds digit of p(-5)?
7
Suppose -182 = g + 217. Let i = 598 + g. What is the hundreds digit of i?
1
Suppose -2*u = -5*y + 528, -4*y = -2*y - u - 211. Suppose -18 - 88 = -w + 3*n, y = w - 5*n. What is the tens digit of w?
0
Suppose -2*b - 10 = k, k + 9 = -3*b - 8. Let j(c) = 3*c**2 + 3*c - 5. What is the hundreds digit of j(b)?
1
Suppose -2*j = -1019 - 365. Suppose -5*w + j = 167. What is the tens digit of w?
0
Let i(v) = v**2 - v - 8. Let y = 11 + -3. Let c be i(y). Suppose m = -m + c. What is the tens digit of m?
2
Let h(q) = -q**3 + 5*q**2 - 7*q + 5. Let y be h(5). What is the units digit of (-5)/y*-3*-6?
3
Suppose 0 = -4*l - 2 - 6. What is the units digit of l/2 - (0 + -63)?
2
Let f(t) = -4*t + 248. What is the tens digit of f(35)?
0
Suppose 6*c - 6 = 3*c. Suppose -c*l + 21 - 15 = 0. Suppose -l*f = 5*q - 2*q - 168, 0 = -4*f. What is the tens digit of q?
5
Let a(v) be the first derivative of v**2 - 2 - 1 + 8*v**2 - v**2. What is the units digit of a(1)?
6
Let f(x) = x**2 - 5*x - 13. Let z(s) = -s**2 - 8*s - 7. Let o be z(-8). What is the units digit of f(o)?
1
Let d be (-12)/(-5) + -2 - (-16)/10. Suppose -d*n - 176 = -4*c, -19 = -c + 4*n + 25. What is the units digit of c?
4
Let h be (((-2)/3)/(14/273))/1. Let x = -1 - h. What is the tens digit of x?
1
Suppose 4*z - 5*c = 6, 7*z - 4*c = 2*z + 12. Let l = 10 - z. What is the units digit of l - (4 + -1)/(-3)?
7
Suppose -4*k + 1817 + 2261 = 3*v, -3*k + v + 3065 = 0. What is the tens digit of k?
2
Let j(w) = 3*w - 8. Suppose -d = 4*l - 21 - 59, 2*d = -l + 20. What is the units digit of j(l)?
2
Let x(k) = k**3 - 8*k**2 - 34*k + 36. What is the thousands digit of x(17)?
2
Let f = 118 - 33. Let d = -31 + f. What is the tens digit of d?
5
Suppose s - 3*x = -10, 2*x - 26 = -5*s - 2*x. Let v = 4 - s. What is the tens digit of 16 + -3 + -1 + v?
1
Suppose 2*m - 928 = -0*m. What is the units digit of m?
4
Suppose 3*x - 2*d - 7 = -3, 2*x = -d + 12. Suppose -5*y - 10 = -0*y, -82 = -x*q + 5*y. What is the units digit of q?
8
Let x = -1 + 2. Let s(n) = 9*n**3 + n**2 - 3*n + 2. Let k be s(x). What is the tens digit of -2 - -57 - 9/k?
5
Suppose 3*k + d = 22, 0 = -k + 4*d - 2*d - 2. Suppose 2*i - 90 = -4*x, 2*x + k*i = i + 25. What is the tens digit of x?
2
Let v = 14 - 10. Suppose -n - 136 = -4*m + 188, -2*m = v*n - 162. What is the units digit of m?
1
What is the units digit of (-8)/(56/343)*132/(-14)?
2
Let s(k) = -3*k**3 - 10*k**2 + 10*k + 4. Let o(f) = -f**3 - f**2 + f + 1. Let l(b) = -5*o(b) + s(b). What is the units digit of l(4)?
7
Let f(c) be the second derivative of c**4/12 - 5*c**3/3 + 15*c**2/2 + 3*c. Let d be f(10). What is the tens digit of ((-10)/d)/(1/(-39))?
2
Suppose -2*m = -7*m + 250. Let n = -4 + -3. Let h = m + n. What is the tens digit of h?
4
Suppose 0 = -v + 3*t + 374 - 88, -596 = -2*v - 2*t. Suppose 3*c + 2*c = v. What is the units digit of c?
9
Suppose 122*k + 5324 = 126*k. What is the hundreds digit of k?
3
Let r = 14 - -43. Let h be 2 - (2 - r - -2). Suppose -3*c = -h - 50. What is the tens digit of c?
3
Let q(n) = -n**3 + n**2 - 6*n - 6. Let f be 2/6*(0 - 12). What is the tens digit of q(f)?
9
Let i = 66 + 15. What is the tens digit of i?
8
What is the units digit of (-51)/(2 + 4696/(-2336))?
4
What is the tens digit of (4 + -5)*(-3801)/7?
4
Let y be (-2)/(-3) - 1452/18. Let q = -46 - y. What is the tens digit of q?
3
Suppose -3*h - 10 + 58 = 0. Let l = 19 - h. Suppose -4*d + 19 = l*p, -4*d - p + 2*p - 1 = 0. What is the units digit of d?
1
Let q(y) = -y**3 + 6*y**2 - 2*y + 7. Let o = -4 - -10. Suppose 0 = 4*v - 26 + o. What is the units digit of q(v)?
2
What is the thousands digit of (-36)/(-6) + -13 + 1320?
1
Suppose -7*g - k - 522 = -11*g, g - 135 = -2*k. What is the tens digit of g?
3
Suppose 0 = -5*h - 5*m - 15, -8*h - m = -3*h + 3. Suppose -4*w + 28 + 152 = h. What is the units digit of w?
5
Suppose 11*k = -0*k - 4202. What is the tens digit of k/(-6) + (20/(-15))/(-4)?
6
Let n = 1593 - 763. What is the tens digit of n?
3
Let d = -20 - -85. Let c = -22 + d. What is the units digit of c?
3
Let y = 43 - 47. What is the tens digit of (y - -3)/((-1)/137)?
3
Suppose -6847 - 7735 = -23*z. What is the hundreds digit of z?
6
Suppose 0 = 3*a - 12, -6 = 2*p - 0*p - 3*a. Let i be (0/(p - 4))/2. Suppose -42 - 124 = -2*l + 5*v, 4*l + 5*v - 302 = i. What is the units digit of l?
8
Suppose 0 = 3*n - 2121 - 4629. What is the tens digit of n?
5
Suppose j - 320 = -2*j + 5*v, -5*j + 492 = 2*v. Suppose 3*c = -m + 79, 0 = m + 2*c - j + 26. What is the units digit of m?
4
Suppose -i - 5*u + 21 = 0, 3*i - 97 = -0*i + 2*u. Let t = 26 + i. What is the units digit of t?
7
Let f be (-3)/6*4 - -29. Suppose f = -3*a + 105. What is the units digit of a?
6
Suppose 0 = 112*m - 110*m - 942. What is the tens digit of m?
7
Let u be -20*(4/6)/((-4)/(-141)). What is the units digit of -3*u/(-15)*2/(-4)?
7
Let l(o) = 22*o**3 - 8*o**2 - 9*o + 19. What is the hundreds digit of l(3)?
5
Let z(f) = -18*f + 12. Let a be z(3). Let y = 68 - 97. Let w = y - a. What is the tens digit of w?
1
Let y(o) = -299*o**3 - 5*o + 1 + 380*o**2 + 2*o + 0 - 385*o**2. What is the tens digit of y(-1)?
9
Let v be (29/2)/(1/(-2)). Let x = 31 + v. What is the units digit of (-1 + (-265)/(-10))*x?
1
Suppose 0 = -5*f - 10, -2*a = 7*f - 2*f + 2. Suppose 0*d = a*d - 252. Let o = -24 + d. What is the tens digit of o?
3
Let g(i) = -33*i - 85. What is the thousands digit of g(-60)?
1
Let p(l) = -43*l**3 - 5*l**2 + 2*l + 4. What is the tens digit of p(-2)?
2
Suppose -1512 + 12 = 30*t. Let b = -7 - -99. Let u = b + t. What is the tens digit of u?
4
Let d(b) = -b**3 + 37*b**2 - 105*b - 52. What is the tens digit of d(32)?
0
Let n = 37 + -36. What is the units digit of (n - 17*-2)/(2/10)?
5
Let m(c) = 2*c**2 + 127. Let r be m(0). Let j(s) = -s + 2. Let w be j(-5). Suppose -2*x + 162 = 5*q, w*q - x - r = 3*q. What is the units digit of q?
2
What is the hundreds digit of 6/(-45) - 14811/(-45)?
3
Let p(g) = -g**3 + g**2 + 2*g. Let r be p(2). Suppose 5*s - 4*f = 31, r = -s - 5*f + 6 - 23. Suppose s*u - 74 = 82. What is the tens digit of u?
5
Let i = 8862 - 6299. What is the units digit of i?
3
Suppose -12*a + 36 = -8*a. What is the units digit of (0 - (-2)/6) + 573/a?
4
Let p(m) = 4*m**3 - 12*m**2 + 2*m - 16. What is the tens digit of p(5)?
9
Suppose 0 = -4*u + 4*k + 10588, 7*u + 3*k = 9*u - 5293. What is the units digit of u?
8
Let u(q) = -2*q**2 + 13*q - 5. Suppose a + m + 9 = 3*a, 4*a + 3*m = 23. What is the tens digit of u(a)?
1
Let p = -975 - -2031. What is the hundreds digit of p?
0
Let w = 9619 + -5734. What is the hundreds digit of w?
8
Let i be 2/(-1)*1410/(-4). Suppose 0*f = -5*f + i. What is the tens digit of (-4 + 5)/(3/f)?
4
Let j = 8 - 8. Suppose -2*w + o = w - 20, -4*w - o + 36 = j. What is the tens digit of (-102)/(-4) - (-4)/w?
2
Suppose -15 = 4*r + 9. Let y = -13 - r. Let a(v) = v**3 + 9*v**